m + 4*m - 50. What are the prime factors of m?
5
Let s be (-18)/(-3)*(1 - 0). Let y = s + 4. Suppose -3*o = g - 6, y + 2 = -o - 5*g. What are the prime factors of o?
3
Suppose 7*p - 16 = 3*p. List the prime factors of p.
2
Suppose -4*x - 5*g = -79, 0 = -5*x - 3*g + 29 + 86. What are the prime factors of x?
2, 13
Let u be 2/10 + 84/(-20). Let v = u + 6. What are the prime factors of v?
2
What are the prime factors of 46*(20/8 + -2)?
23
What are the prime factors of 0 + 186/3 + -3?
59
Suppose -h - 15 = -4*h. Suppose 0 = b - h + 1. List the prime factors of b.
2
List the prime factors of 899/5 + (-1)/(-5).
2, 3, 5
Let z be (-5)/10 + (-1)/2. Let v be ((-123)/(-9) - z)*-3. List the prime factors of v/(-7) - (-4)/(-14).
2, 3
Let a be -1*3/(-3)*-5. Let b = -3 - a. What are the prime factors of ((-8)/3)/(b/(-3))?
2
List the prime factors of 45/120 + 1893/8.
3, 79
Let o = -17 + 26. Suppose -4*l = -3*l - o. What are the prime factors of l?
3
Suppose -5*j - 7 = 8. List the prime factors of ((-1)/j)/(3/18).
2
Let c = 296 - 11. List the prime factors of c.
3, 5, 19
Let s(p) = p**2 + 2*p + 2. Let l be s(-2). Suppose -w + 32 = 2*w + l*f, 4*f = -5*w + 52. What are the prime factors of w?
2, 3
Suppose u = -2*h - 0*u + 104, 3*h + 4*u = 166. Let y = -31 + h. Let x = -10 + y. List the prime factors of x.
3
Let v be ((-10)/4)/(1/2). Let x be 2 + (v + -1 - -1). Let a(p) = -p + 3. What are the prime factors of a(x)?
2, 3
Suppose -4*n + 5*p = -2, -6*p = -4*n - 11*p - 18. What are the prime factors of 2/(-2) + n + 21?
2, 3
Let p(b) = b**3 + b**2 + b - 7. Let t be p(0). Let u = t - -48. Suppose u = 5*l - 3*s, -27 = -5*l - 0*s - 4*s. List the prime factors of l.
7
Suppose -47*c = -52*c + 730. List the prime factors of c.
2, 73
Suppose 4*u - 5*f = 76 - 20, -3*u + f + 31 = 0. Let v(x) = -x**2 - 16*x + 17. Let m be v(-16). Let b = m - u. List the prime factors of b.
2
Suppose 7*s - 3*s = 3*d + 109, -4*d = s - 51. Suppose s = -3*c + 103. List the prime factors of c.
2, 3
Let h be ((-2)/(-3))/(3/9). Suppose -3*i - 2*i + 100 = 0. Suppose -h*n + 4 = -2*g + 2*n, -i = -2*g - 2*n. What are the prime factors of g?
2, 3
Let r(h) = -h**3 - 4*h**2 - 7*h - 5. Let f(u) = -2*u**2 - 3*u - 2. Let p be f(-2). List the prime factors of r(p).
23
Let r = -16 + 141. What are the prime factors of r?
5
Let q = 28 + -17. Suppose q = 2*x + 2*d - 13, 0 = -3*x + 3*d + 24. List the prime factors of x*((-12)/10 + 2).
2
What are the prime factors of ((-4)/(-6))/((-6)/(-684)*2)?
2, 19
Let z(v) = 8*v. List the prime factors of z(3).
2, 3
List the prime factors of (-17)/(-1) + 0/5.
17
Let j = 1 - 6. Let i(z) = -5*z**2 + 8*z**2 - 2*z**2 + 6 + 2*z + 2*z. What are the prime factors of i(j)?
11
Suppose k - 2*o - 8 = 0, -4*k + 3*o + 21 + 1 = 0. List the prime factors of k.
2
Suppose 17 - 209 = 4*l. What are the prime factors of (-128)/l*15/4?
2, 5
Let o(p) = p**2 - 5. Let t be o(6). Suppose 2*i - 71 + t = 0. What are the prime factors of i?
2, 5
Let t be (-3*1 - 1)*2. Let u = -6 - t. Suppose 0 = u*z - 5 - 5. List the prime factors of z.
5
Let q be -1*4/((-12)/15). Let g be (1 - -2)/(3/q). Suppose -3*o + 0*i + i = -44, 60 = g*o - 5*i. List the prime factors of o.
2
Suppose -2*n - 6*a - 154 = -2*a, -5*n - 3*a = 413. Let j = -60 - n. List the prime factors of j.
5
Let p be (-9)/4 - (-3)/12. What are the prime factors of (1/(-2))/(p/8)?
2
Let d(w) = -w**2 - w + 1. Let y be d(-2). List the prime factors of (-1)/y + (-9)/(-3).
2
Suppose -w = 4*w - 110. List the prime factors of w.
2, 11
Let s(y) = -y**2 + 12*y + 3. List the prime factors of s(8).
5, 7
Let y be 8 + -5 + 1*7. Let r = 8 + y. List the prime factors of r.
2, 3
Let a = -10 + 4. Let t(x) = x**3 + 6*x**2 - x + 2. What are the prime factors of t(a)?
2
Suppose 4*a + 20 = -3*d, -a - 15 = 3*d + 2*a. Suppose d = -2*i + 4*b + 34, 2*i - 5*b - 3 = 28. List the prime factors of i.
23
Let a = -66 + 124. List the prime factors of a.
2, 29
Suppose -o = o + 3*n - 120, 0 = o - 2*n - 60. List the prime factors of o.
2, 3, 5
Let j = 2 + -4. Let u = j + 15. Let a = -6 + u. What are the prime factors of a?
7
Suppose -4*h = -258 - 130. What are the prime factors of h?
97
Let c = 3 + -5. Let r(z) = -4*z - 1. List the prime factors of r(c).
7
Let a be (4/(-4))/(1/(-2)). Let f = a - -1. Suppose 4*g - 19 = 4*o + 21, f*g + 3*o = 0. What are the prime factors of g?
5
Let t = 25 - 15. Suppose 0 = 2*r - 14 - t. List the prime factors of r.
2, 3
Let w be (2 + 1)*1*-3. Let r = 14 + w. Suppose -77 + 12 = -r*t. List the prime factors of t.
13
List the prime factors of (2/6)/((-6)/(-270)).
3, 5
Suppose 7*a = 10*a - 39. What are the prime factors of a?
13
Suppose 211 = 2*k - 3*o, 435 - 19 = 4*k - 4*o. What are the prime factors of k?
101
Let c(x) = x**3 - x**2 - x + 98. What are the prime factors of c(0)?
2, 7
Let m(l) = -4*l**2 - 1 + 4*l**2 + 2 + l**2. Let h be m(-1). Suppose -h*k + z + 25 = -0*k, 20 = k - 2*z. What are the prime factors of k?
2, 5
What are the prime factors of (-9 + -57)*((-2)/6 + 0)?
2, 11
Let w = 4 - 0. Suppose w*s + s = -15. What are the prime factors of (-1)/3 + (-19)/s?
2, 3
Suppose 0 = -12*i - 6*i + 306. What are the prime factors of i?
17
Suppose 0*y + 5*y = 70. Let v be 4/y + (-200)/(-35). Suppose 0 = -3*i + d + 24, 0 = -2*i + v*i - 5*d - 21. List the prime factors of i.
3
Let u(a) = a**3 - 3*a**2 - 3*a + 5. Suppose 5*g + 5*t - 10 = 0, -5*g + 2*t - 4*t = -16. List the prime factors of u(g).
3
Let h = 421 - 298. What are the prime factors of h?
3, 41
What are the prime factors of 60/80 - (-437)/4?
2, 5, 11
Suppose 3*g - 8 = g. Suppose 0 = -2*q - g*r + 58, -5*q + 0*r - 5*r + 125 = 0. Suppose q + 15 = 2*h. What are the prime factors of h?
2, 3
What are the prime factors of (33/(-6) - -3)*-10?
5
Suppose -2*w + 4*t = w - 2, 0 = 2*w + 5*t - 9. Let y(s) = 0*s - 3 + 4*s**w + 4*s + 5. What are the prime factors of y(-2)?
2, 5
Let i(m) = 5*m**2 - 3*m + 11. List the prime factors of i(5).
11
Let f = -19 + 189. Suppose 5*g + 5*v = f, -4*g - v + 79 = -51. What are the prime factors of g?
2
Let k(l) = l**2 - l + 4. Let q be k(3). Suppose -3*b = 2*b + q. Let r(g) = -g. What are the prime factors of r(b)?
2
Let y = -61 + 87. Suppose 0*a + 3*h = -3*a + 57, 5*h - y = -2*a. What are the prime factors of a?
23
Suppose -2*d = -0*d + 3*l + 8, 4*d + 4*l = -8. Suppose -2*r = -2*q - 12, 0 = d*r + q + q + 8. Let o = 5 - r. List the prime factors of o.
2
Let n = 2 - 3. Let g(v) = -v + 1. Let c be g(n). Let m = 9 + c. What are the prime factors of m?
11
Suppose -7 = -5*t - 17. List the prime factors of (0 + t + 1)*-13.
13
Let f(d) = -49*d - 44. What are the prime factors of f(-5)?
3, 67
Let m = -3 - -5. Let g = -1 - m. List the prime factors of (g - (-1 - 0))*-2.
2
What are the prime factors of 4 + 0 - (-27 + 6)?
5
Suppose 4*d = -2*j - 0*j + 182, 191 = 4*d - j. List the prime factors of d.
47
Suppose -2*m - 2*f = 2*f - 78, -m + 45 = -f. Suppose 0 + m = d. What are the prime factors of d?
43
Suppose -3*p + 336 = -48. What are the prime factors of p?
2
Let u = 94 + -65. What are the prime factors of u?
29
List the prime factors of (3 - (15 + -1))*(1 - 12).
11
Suppose 0 = 2*o + 5*d, o + 6 - 1 = -5*d. Suppose 3*r = 4*f - 14, -f - o*r = 2 - 17. What are the prime factors of f?
5
Suppose 0 = -5*x + 20, 0*t - 2*x = -t - 37. Let c = 40 + t. List the prime factors of c.
11
Let l(b) = 17*b - 8. What are the prime factors of l(4)?
2, 3, 5
Let q = -9 + 9. Suppose 4*i + 4*y - 48 = q, 0*i - 4*y = 2*i - 30. What are the prime factors of i?
3
Suppose -3*s + 5 + 1 = 0. Let w = s - 5. List the prime factors of ((-12)/(-8))/(w/(-14)).
7
Let r = -29 - -59. Suppose r = 3*a + 3*d, 3*d = -d. List the prime factors of a.
2, 5
Let a(k) = k**3 + 2*k**2 - 1. Let w be a(-1). Suppose -3*o = 2*h - w*o - 36, -3*o = -4*h + 72. What are the prime factors of h?
2, 3
Let y = -17 + 11. Let w(r) be the third derivative of -r**5/60 - r**4/3 - r**3 + 3*r**2. List the prime factors of w(y).
2, 3
Let a(v) = -v**3 + v**2 + 4*v - 4. Let u be a(3). Let f(o) = -4*o - 13. What are the prime factors of f(u)?
3
Let b(w) = 7*w**3 + 2*w**2 - 1. Let l be b(1). List the prime factors of (l/(-24))/((-1)/96).
2
Let t(f) = -7*f - 2. Suppose 2*z + 3 = z. List the prime factors of t(z).
19
Let i = 3 - 1. What are the prime factors of i*(-9)/